hat are the prime factors of f?
47
Let k = 7 + -14. What are the prime factors of 263/3 + k/(-21) - -1?
89
Let b be 12/1 - (-7 + 9). Suppose 8*k - 58 = -b. Suppose -22 = k*s - 316. List the prime factors of s.
7
Suppose -n + 5*n = -12, 4*w - 3*n - 9 = 0. Suppose w*y = -7*y - 637. Let o = -61 - y. What are the prime factors of o?
2, 3, 5
What are the prime factors of (-326820)/(-169) - (1 - (-30)/(-26))?
2, 967
Let q(s) = -3*s**3 - 5*s**2 - 7*s + 60. Let y(g) = g**3 + g**2 + 2*g + 1. Let h(p) = q(p) + 4*y(p). Let m be 2/(-6) + 3/9. What are the prime factors of h(m)?
2
Let k(t) = t**3 + 7*t**2 - 4*t - 7. Let c be k(-4). Let f(d) = 3*d**3 + 55 - d + 0*d**2 - c - 2*d**2. List the prime factors of f(2).
2, 3
Let l be (12/16 - 3/(-4))*-166. List the prime factors of (l/(-3))/(-1 + 2).
83
Let w = 25 + 43. What are the prime factors of ((-15)/(-12) + -1)*w?
17
Suppose 290 = 3*n + 2*n - 5*r, -2*n + 4*r + 120 = 0. What are the prime factors of n?
2, 7
Let i(b) = b**3 - 6*b**2 - 4. Let g be i(6). Let k be g + 6*(-3)/(-9). What are the prime factors of (-3)/k + 1071/42?
3
Let p be (60/(-18))/(2/(-15)). Let i = p + -11. What are the prime factors of i?
2, 7
Let c be (-1 - (-14)/1) + -3. Suppose -c*y + 13*y - 15 = 0. Suppose -3*k = -b + 21, -2*b - y*k = -61 - 14. List the prime factors of b.
2, 3, 5
List the prime factors of (-4)/18 + (-7 - 18258/(-27)).
3, 223
Suppose -3*t - 39 = -2*p, -p + 6*p = 3*t + 75. Suppose 0*u + p = 6*u. Suppose u*y - 20 = -0*y. List the prime factors of y.
2, 5
Let z = 275 - 137. List the prime factors of z.
2, 3, 23
Let m = -7 + 1. Let v = m - -7. What are the prime factors of -2*v/(6/(-33))?
11
Suppose 2*b + 1 = l, -2*b = -3*l + 5*l - 2. Suppose 2*w = -b*w - 4. What are the prime factors of 2/((-3)/w + -1)?
2
Let k = -386 + 1367. What are the prime factors of k?
3, 109
List the prime factors of -3*1693*(-4)/12.
1693
Suppose -v + 199 = -29. Let j = -153 + v. List the prime factors of j.
3, 5
Let l be -13 + (3 - 3) - 1. Let t be 2/4 + 7/l. Let n = 5 + t. List the prime factors of n.
5
Let a(d) = -2*d + 714. What are the prime factors of a(22)?
2, 5, 67
Let p(y) = -y**3 + 13*y**2 - 17*y - 21. Let u be p(11). Let r = 211 - u. List the prime factors of r.
3, 59
Suppose 0 = 5*z - w - 1697, 0 = z - 3*w + 163 - 508. What are the prime factors of z?
3, 113
What are the prime factors of (-528)/(-18)*12/2?
2, 11
Suppose 3*z = -3*b - 0*b, 3*b = 5*z - 16. Suppose z*w = 30 + 34. List the prime factors of (w/(-6))/((-4)/6).
2
Let o(h) = -108*h**3 - 3*h + 1. Let y(z) = -108*z**3 - z**2 - 3*z + 1. Let u(d) = -3*o(d) + 2*y(d). What are the prime factors of u(1)?
2, 3
Let r(h) = h**2 + 3*h + 3. Let f be r(-3). Let j(k) = 1 - f + 1 - k**2 - 5 - 13*k. List the prime factors of j(-8).
2, 17
Suppose 3*i - 6*i - 33 = 0. Let k(t) = t**3 + 12*t**2 + 12*t + 3. Let o be k(i). Let z = 2 - o. What are the prime factors of z?
2, 5
What are the prime factors of 5 - (-675)/(-18)*52/(-3)?
5, 131
Let l be 1*-48*22/44. Let g = l + 50. List the prime factors of g.
2, 13
Suppose -l + 3 - 2 = 0, 4*d - 5*l = -5. Suppose h - 1 = -d*h. Suppose -2 - h = z, -5*v + 68 = 4*z. What are the prime factors of v?
2
Let y(m) = 121*m**2 + 6*m + 13. What are the prime factors of y(4)?
1973
Let y = -275 - -542. What are the prime factors of y?
3, 89
Let w = -388 + 220. Let l = 165 - w. List the prime factors of l.
3, 37
Let n = 3397 - 1876. What are the prime factors of n?
3, 13
Suppose 9 - 5 = -2*w. Let n(p) = -6*p**3 - p**2 + p - 1. List the prime factors of n(w).
41
Let r be ((-325)/(-20))/((-2)/(-8)). Suppose 0 = -4*a + 497 - r. List the prime factors of a.
2, 3
Let h be -1 + (3 - (5 - 3)). Suppose h*z = 3*m - z + 22, 24 = -3*m + 3*z. What are the prime factors of (m/(-14))/((-2)/(-48))?
2, 3
Suppose -3752 = -5*a + w, -11*a + 7*a = 2*w - 2996. What are the prime factors of a?
2, 3, 5
Let q(i) = -i - 8. Let r be q(-8). Suppose -25*n + 24*n + 7 = r. What are the prime factors of n?
7
Let b = -1091 - -581. Let y = -341 - b. What are the prime factors of y?
13
Let g(b) = 36*b + 8. What are the prime factors of g(9)?
2, 83
Let j = 325 - -695. List the prime factors of j.
2, 3, 5, 17
Suppose 3*a - 10 - 11 = -4*n, 3*n = -a + 12. Let b be 4 + (-2 - -3) + -6 + 9. List the prime factors of b/24 - (-83)/a.
2, 7
Suppose 0 = a + r - 3601, -5*a + 35*r + 18019 = 33*r. List the prime factors of a.
3, 1201
Let v(w) = w**3 + 31*w**2 + 25*w. List the prime factors of v(-23).
3, 23, 53
Let d(y) = -3*y - 15. Let o be d(-5). Suppose o = -7*c + 12*c - 625. What are the prime factors of c?
5
Suppose 8 = 7*p - 3*p. Suppose p*i - 3*i = 0. Suppose 0*q + 4*q - 8 = i. List the prime factors of q.
2
List the prime factors of 30/35*7 - -1501.
11, 137
Let d(o) = 14*o - 2. Let a be d(5). Let b = a + -28. List the prime factors of b.
2, 5
Suppose -16*s = 3073 - 30241. What are the prime factors of s?
2, 3, 283
Suppose 4*b = 3*g + 13, -b - 9 = g + 7. Let s(m) = -m - 8. Let j be s(g). Suppose -v + 54 = j*v - 2*o, -2*v + 39 = 3*o. What are the prime factors of v?
3, 5
Suppose 4*p + 5*c = -p - 15, 0 = -c - 5. Suppose -q = 2, -p*q = -5*s - 6*q - 758. Let n = s + 219. List the prime factors of n.
3, 23
Let l = 8 - 7. Let f(h) = -1 + 2*h + 0 + 5*h. What are the prime factors of f(l)?
2, 3
Suppose 2*k = 6*k. Suppose k = -4*z + 25 - 5. Suppose p - 3*x = -z*x + 20, p = 5*x + 20. List the prime factors of p.
2, 5
Suppose -3*s + 4*s = 3*q + 14, -4*s + 5*q = -28. Suppose -12 = 4*n + s*u, 0*u + 2*u + 8 = -3*n. Let p = n + 13. What are the prime factors of p?
3
Let d(j) = j**3 + j**2 + j + 2. Let h be d(0). Let t = h + -10. What are the prime factors of (-52)/(-1) + t/4?
2, 5
Let p = -100 + 56. Suppose 0 = 2*i + 2*i + 308. Let u = p - i. What are the prime factors of u?
3, 11
Let a = -234 - -462. List the prime factors of a.
2, 3, 19
Let f be -1 - ((5 - 1) + -8). Suppose -401 = -f*h - 5*x, 0*h - 2*x = 3*h - 389. List the prime factors of h.
127
Let a = 13 - 3. Suppose -a = 2*c, 2*c - 14 = 5*k - 154. What are the prime factors of k?
2, 13
Let n = -254 + 2029. What are the prime factors of n?
5, 71
Let n be (-2)/6 + (-16)/(-12). Let j(d) = 12*d + 1 - 5 + 6*d + 2. List the prime factors of j(n).
2
Suppose -4*v + 2*x = 3*x - 36, 0 = -2*x + 8. What are the prime factors of (-30)/v*(-1 - 43)?
3, 5, 11
Suppose -5*p = -873 - 2572. List the prime factors of p.
13, 53
Suppose -5*a = -2284 - 1241. List the prime factors of a.
3, 5, 47
Suppose 3*w = -4*y + 145, 2*w = -2*w - 4*y + 192. Suppose 5*o - 115 = -c, -3*o + 25 = -4*c - 67. Let i = w - o. List the prime factors of i.
23
Suppose 5*l - 3793 = 11697. List the prime factors of l.
2, 1549
Let s(p) be the second derivative of 41*p**3/6 - 45*p**2/2 - 2*p - 4. What are the prime factors of s(5)?
2, 5
List the prime factors of 18/12 - 93/(-2).
2, 3
Let o(a) = -2*a - 10. Let y(c) = c + 5. Let m(w) = -2*o(w) - 5*y(w). Let u be m(-7). Suppose 18 = -n + u*n. List the prime factors of n.
2, 3
Suppose o = -o - j + 33, -17 = -o - j. List the prime factors of o.
2
Let n(k) = 82*k**2 - 2*k + 15. List the prime factors of n(3).
3, 83
Suppose -9*t + 10*t = 27. Suppose -8*j = -17*j + t. List the prime factors of j.
3
Let o = -24 - -39. Suppose 82 + o = 2*x - r, 4*x = 5*r + 179. List the prime factors of x.
3, 17
Let g(p) = 14*p**2 + 35*p + 161. What are the prime factors of g(-6)?
5, 7, 13
Let h(q) = -q**2 - 33*q - 49. What are the prime factors of h(-26)?
7, 19
Let q(x) = x**3 - 4*x**2 + 7*x + 35. What are the prime factors of q(11)?
7, 137
Let a be 14 + 2 + -3 + 1. Let x(o) = -14 - 4 + 2*o + 12 - 14. What are the prime factors of x(a)?
2
Let i(u) be the second derivative of u**4/4 + u**3/6 + 3*u**2/2 + 4*u. What are the prime factors of i(-7)?
11, 13
Suppose -180 = -u - 5*x, 4*x = 2*u + 3*x - 371. List the prime factors of u.
5, 37
Let z = -1936 + 2019. What are the prime factors of z?
83
Suppose -597 = -4*y + 227. List the prime factors of y.
2, 103
Let u(g) = -g**2 - 15*g - 12. Let n be u(-9). Suppose -10 = v + n. Let d = -17 - v. What are the prime factors of d?
5, 7
Let o(l) = 2*l**2 + 3*l - 6. Let j be o(-9). Suppose -a + 0*a = -j. Suppose 124 = 5*n + w, -6*n + n = -4*w - a. What are the prime factors of n?
5
Suppose -1 = -3*u + 5*j, -2 = -u - u + 2*j. Suppose u*n - n = -11. Let w = n - -2